 ((-52)/(-5))/(10/j). Suppose q - a = 33. What is the units digit of q?
9
What is the tens digit of 10/(4*7/1456)?
2
Let g = 872 - 463. What is the hundreds digit of g?
4
Suppose -l = 4*l - 500. Suppose -7*x = -2*x - l. What is the units digit of 6/15 - (-152)/x?
8
Let n = -20 + 24. Suppose -h + 0*h + 11 = 0. Let a = n + h. What is the tens digit of a?
1
Let l(s) = -3*s + 2. Let i be l(2). What is the units digit of -2*i/8*2?
2
Suppose -5*b + 3435 = -5*x, -4*x + 3426 = -2*b + 7*b. What is the hundreds digit of b?
6
Let c(o) = -o - 2. Let f be c(-10). Suppose 3*b = -2 + f. Suppose l = b*a + 3*a - 72, l = a - 12. What is the units digit of a?
5
Let y be (-378)/(-35) + -3 + (-2)/(-10). Suppose -65 - 111 = -y*o. What is the tens digit of o?
2
Suppose -166 = 3*y + 398. What is the units digit of (-1)/(-2) + y/(-8)?
4
Suppose -5*o - 1604 = -b, 2*o - 4*b + 1280 = -2*o. Let q = -142 - o. What is the tens digit of q?
7
Let n = -23 + 615. What is the hundreds digit of n?
5
Suppose 3*i - 6 = 5*m, 3*m = 2*i + 1 - 5. Suppose -18 = i*o - 46. Suppose k - 5*b - o = 0, -k - 2*b = -0*b - 7. What is the units digit of k?
9
Let n(i) = -i**2 - 1. Let p be n(-1). Let c be (-1430)/(-45) + p/(-9). What is the units digit of ((-5)/4 - -2)*c?
4
Let p = 92 + -35. What is the units digit of p/2*(-12)/(-9)?
8
Let v = 15 + -9. What is the tens digit of -285*(-4)/(40/v)?
7
Let o = 2942 - 1599. What is the units digit of o?
3
Let b(k) = -k - 3. Let q(x) = -1. Let f(m) = -2*b(m) - 22*q(m). Suppose -g + 3*g = 0. What is the units digit of f(g)?
8
Let s(w) = 3*w**2 + w - 12. Let u(i) = 5*i**2 + 2*i - 23. Let q(k) = 7*s(k) - 4*u(k). Let f be q(0). Let j = 14 - f. What is the units digit of j?
6
Let u(o) = o**3 - 22*o**2 - 30*o + 16. Let m be u(25). Suppose 5*h = m + 124. What is the tens digit of h?
5
Let g = -566 - -967. What is the units digit of g?
1
Let q = 138 - 131. Suppose q*d + 258 = 5*g + 6*d, 3 = -d. What is the units digit of g?
1
Let n = 0 + -12. Let r(x) = -x - 2. Let d be r(n). Let c(f) = 4*f - 12. What is the tens digit of c(d)?
2
Let m(b) = b**3 - 50*b**2 + 54*b + 22. What is the hundreds digit of m(49)?
2
Suppose -5*k = -u, 4*u = k - u. Suppose k = -f + 4*f + 24. What is the tens digit of (f/(-20))/(3/375)?
5
Let n(m) = -4*m + 46. Let o be n(11). Suppose 256 + o = 2*r. What is the units digit of r?
9
Let r be 24/168 + -30*26/(-28). What is the hundreds digit of ((-314)/7)/(r/(-196))?
3
Let u = -8 - -7. Let l(d) = 5*d**2 - 1. Let k be l(u). Suppose -k*h + 6 = -h. What is the units digit of h?
2
Suppose 8*q + 455 = -65. Let t = 82 + q. What is the units digit of t?
7
Let k = 15 + -11. Suppose 2*j + 158 = k*j. What is the tens digit of j?
7
Suppose -3*f + 0*f = 33. Let w = 3 + f. What is the tens digit of (-206)/w - 6/(-24)?
2
Suppose -1682*k + 1692*k - 19250 = 0. What is the units digit of k?
5
What is the hundreds digit of 1/(7704/(-1542) + 5)?
2
Let c(n) = n**3 - 2*n**2 - 9*n + 9. Let u be c(4). Let m(g) = g**2 - 2*g + 6. What is the units digit of m(u)?
1
Suppose -g = -6 - 7. Suppose -19 = -3*a + 2*b + 3, a + 6 = -2*b. Suppose -a*v = -g + 1. What is the units digit of v?
3
Suppose -3*q + 2130 = 3*q. What is the units digit of q?
5
Let w(h) = 2*h - 8. Let x(q) = -q + 9. Let b(k) = -6*w(k) - 4*x(k). What is the tens digit of b(-6)?
6
Let g(p) = -p**3 + 4*p**2 - 4*p + 3. Let y be g(3). Suppose y*i - 3*f = 3*i - 243, -5*f = 4*i - 321. What is the units digit of i?
4
Suppose 4 = -2*a + 4*v - 2, 6 = 2*a - v. Let l = a - 5. Suppose l = 3*w - 0*w - 108. What is the units digit of w?
6
Let g = -26 + 64. Suppose 2*n + n = 5*a - g, 3*a - 4*n = 14. Let c = a - 3. What is the units digit of c?
7
Suppose 126 = 2*q - 2*o, -o = 2*q + 4*o - 154. What is the units digit of q?
7
Let m be 18/5 - 26/(-65). Suppose -m*j = 99 - 435. What is the tens digit of j?
8
Suppose -i - 50 = -2*k - 14, 5*i = 4*k - 72. Let n = k + 58. What is the tens digit of n?
7
Let t(q) = 10*q**2 + 10*q - 23. Let d be t(7). Let k = d + -352. What is the units digit of k?
5
Suppose 2*h + 1402 = v + 3*v, -v + 3*h = -363. What is the tens digit of v?
4
Let u = 44 - 94. Suppose 0 = -3*n - 2*w + w - 47, 2*n - 2*w = -34. What is the units digit of n/16*(1 + u)?
9
Suppose -5*d - 15 = 0, 0*d = -2*y + 2*d + 122. Suppose 0 = 2*t - 3*b - 54, -y = -t - t + 4*b. What is the units digit of t?
1
Suppose -2*a + 823 + 579 = -4*i, -5*a - 4*i = -3547. What is the tens digit of a?
0
Let i be (-3)/4 - (-4239)/36. Let o = -156 - -79. Let l = o + i. What is the units digit of l?
0
Let q = -12 - -7. Let p be (-2)/(-20)*-466*q. Suppose -5*a + p = -x - x, x = -3*a + 131. What is the units digit of a?
5
Suppose 2*k - 4 = -0. Let z be 1/(1*k/8). Suppose 3*p = 5*w - 103, 3*w + p = -z*p + 55. What is the tens digit of w?
2
Let y = -13 + 21. Suppose y*t = 3*t - 30. What is the units digit of t/9 + 128/12?
0
What is the tens digit of (740/6)/(8 + 2023/(-255))?
5
Let l be (-1)/3 - (-155)/15. Suppose -3*b = -47 - l. Let g = 35 - b. What is the units digit of g?
6
Let j(f) = -40*f + 205. What is the hundreds digit of j(-12)?
6
Suppose 12*p - 6*p + 60 = 0. What is the units digit of (-74)/p - (-6)/10?
8
What is the tens digit of ((-240)/3)/(595/(-84) - -7)?
6
Suppose 2*f = 0, 0*f + 27 = r - 4*f. What is the tens digit of r?
2
Suppose 4*b = 5*m + 4071, b + 4*b - 5064 = -2*m. What is the units digit of b?
4
Let p(s) = 74*s**3 + 10*s**2 + 6*s - 28. What is the hundreds digit of p(3)?
0
Let h(q) be the second derivative of -q**5/20 + 3*q**4/4 - 5*q**3/3 + 7*q**2/2 - 53*q - 1. Let p(b) = 2*b - 1. Let a be p(4). What is the tens digit of h(a)?
3
Let o = 7 - 4. Let s(t) = t**3 - 2*t**2 - t - 2. Let j be s(o). Suppose 0 = -r - j - 1, 3*v + r = 37. What is the units digit of v?
4
Let v(i) = 2*i**2 - 9. Let m be v(8). Suppose -l + 34 = 2*n - m, -2*l - 10 = 0. What is the tens digit of n?
7
Let p = -275 + 106. Let l = p + 350. What is the units digit of l?
1
Let x(h) = h**3 + 10*h**2 - 10*h + 10. Let n be x(-11). Let p be -2 - -3 - (-1 + n). Suppose 8 = p*k - 7. What is the units digit of k?
5
Let a be (2/6)/(4/36). Suppose -2*k - k + 3*y = -15, a*k - 18 = 2*y. Let v = k - -6. What is the units digit of v?
4
Suppose -10*l + 483 + 687 = 0. What is the tens digit of l?
1
Suppose -d - 9*d + 120 = 0. Suppose 17*u - 1425 = d*u. What is the tens digit of u?
8
Let z = 2064 - 1057. What is the tens digit of z?
0
Let p(g) = -g**3 - 20*g**2 - 3*g + 136. What is the units digit of p(-21)?
0
Let b(s) = -s**3 + 10*s**2 + 6*s - 3. Let r be b(10). Suppose 0 = 4*p - 3*m - 79, 5*p + 5*m = -r + 182. Let u = -1 + p. What is the units digit of u?
1
Let r be ((-1)/(-2))/(17/408). What is the units digit of 2*(-123)/r*-2?
1
Let v = 15 + 399. What is the tens digit of v?
1
Suppose -307*i + 2570 = -297*i. What is the units digit of i?
7
Suppose -66*r = -59*r + 21. Let z = 18 + r. What is the units digit of z?
5
Let i(k) = -k**3 + k**2 + 2*k + 3. Let d be (-141)/(-21) + (-4)/(-14). Suppose -5*g + c - 7 = 0, 6 + d = g - 5*c. What is the tens digit of i(g)?
1
Let n(z) = -28*z + 9. Let q be n(-3). Let s = q - -107. What is the units digit of s?
0
Suppose 9*i - 849 + 219 = 0. What is the tens digit of i?
7
Let r(x) be the first derivative of -1/4*x**4 + 4 + 13/3*x**3 - 13/2*x**2 + 15*x. What is the units digit of r(12)?
3
Let m(r) = 108*r**2 - 63*r + 5. What is the thousands digit of m(-4)?
1
Let r = -15 + 37. Let t be 2/11 + 150/r. Let f = t + -3. What is the units digit of f?
4
Suppose 777*s + 7000 = 782*s. What is the tens digit of s?
0
Let f = 38 + 52. What is the tens digit of f?
9
Suppose -2*w = -10, -2*n - w + 1 = -2*w. Suppose -q - 2*o - n*o = -1, -q - 2*o = -4. What is the units digit of (2/(-5))/(q/(-270))?
8
Suppose 0 = -4*y + 5*g - 38 - 11, -y + 5*g = 31. Let u be 1090/55 + y/(-33). What is the units digit of u + 3/3 + 0?
1
Let x = 24 + -14. Let f = x - 15. Let b(u) = -6*u - 15. What is the units digit of b(f)?
5
Let v(r) = 15 - 50*r - 5 - 31*r. Let h be v(-5). What is the units digit of (-3)/(-21) - h/(-35)?
2
Suppose -2*g = -g - s - 6, 0 = -g - s + 4. Suppose -3*h + 565 = 5*m, 5*m + h - g*h - 530 = 0. What is the tens digit of m?
1
Let d(s) = -90*s - 90. What is the tens digit of d(-4)?
7
Let o = 9 + -5. Let z be o/((-8)/(-6)) - -1. Suppose -2*r + 3*r = 2*x - 41, 